6, -w = 5*f - t. What is the units digit of w?
0
What is the units digit of (19 - (-680)/(-32))/((-3)/208)?
6
Let r be (-2)/(-2 + -2)*1266. Let n = r - 412. What is the hundreds digit of n?
2
Suppose m - 30 = -2*m + g, -m - 5*g + 10 = 0. Suppose m*s - 5*s = 3*u + 128, -71 = -3*s - 4*u. What is the units digit of s?
5
Suppose 2*m + 105 = -m. Let k = 30 - m. What is the tens digit of k?
6
What is the tens digit of 8/(-52) - ((-103748)/52 + 1)?
9
Let n be (11/22)/((-2)/20). Let j = n + 10. Suppose 35 = 5*f - 4*f - 4*s, j*s - 105 = -3*f. What is the units digit of f?
5
Suppose 184 + 157 = m. What is the tens digit of m?
4
Let b be 58*6 + 0 + -4. Let c = 505 - b. What is the units digit of c?
1
Suppose -g = -4*a - 25, g - a = -0*a + 22. Suppose -5*b = q + 34, -4*b = q - g + 57. Let f = 88 + q. What is the units digit of f?
4
Suppose -2*p = p - d - 887, -586 = -2*p - 2*d. What is the units digit of p?
5
Suppose -2*n - n + 21 = 0. Suppose 0 = -3*h - n*h + 1160. What is the hundreds digit of h?
1
Let y be (-3)/(-9) + 1/(-3). Let x be (-9 + 2)/1 - y. What is the units digit of -96*(x/2 - -3)?
8
Suppose 3*v - 1668 = -5*t, 3*v + 2*v - 2780 = 4*t. What is the hundreds digit of v?
5
What is the hundreds digit of (248/14)/((-194)/(-4753))?
4
Suppose -81 = 2*j + k, -2*j - 2*j - 168 = -4*k. Let f = j + 79. Let z = f + -31. What is the units digit of z?
7
Let w = -180 + 405. What is the tens digit of w?
2
Let q(v) = -7*v + 866. What is the tens digit of q(0)?
6
What is the tens digit of (-10)/(-2) + (668 - -20)?
9
Let d(w) = -w**3 + 38*w**2 - 19*w + 151. What is the units digit of d(37)?
7
Let k = -259 - -375. Let w = k + 84. What is the hundreds digit of w?
2
Suppose 2*n - 89 = -5*b, 2*b + 2*b - 4*n - 88 = 0. Let l = b + -7. Let v = l - 8. What is the units digit of v?
4
Let k = 189 + 348. What is the hundreds digit of k?
5
Suppose -19*w = -20*w + 6. Suppose -30 = -w*m + 702. What is the tens digit of m?
2
What is the tens digit of -2 - 192/(-104) - (-10898)/26?
1
Let z(t) = t**2 + 4*t - 2. Suppose -5*s + 2*h = -0*h - 15, 5*h - 12 = -4*s. Let a = -9 + s. What is the tens digit of z(a)?
1
What is the thousands digit of (-15)/55 - (-449928)/264?
1
What is the tens digit of (-3)/3 + -2 + (112 - 1)?
0
Let u be (-3)/(-9)*3 + 4. Suppose -3*d + 4*c = -d - 172, 0 = u*d + 2*c - 454. What is the units digit of (-5)/(-3)*d/25?
6
Suppose -2*w + 3*c = 9, 4*c - 9 = -3*w + c. Suppose w = 2*k - 95 - 5. What is the units digit of k?
0
Suppose -4*h = -2*h. Suppose z + 3*w - 13 = -0, -z + w - 3 = h. Let k = z + 1. What is the units digit of k?
2
Let a be 0 + 5 + -3 + -4 + 1. What is the units digit of (-238)/a + 2*(-1 + 0)?
6
Let q = 33 + -15. Let s = q + -11. Suppose -s - 50 = -3*o. What is the units digit of o?
9
Let j = 37 - 17. Suppose 0 = -2*l - j + 138. What is the units digit of l?
9
Let r(o) = o - 9. Let m be r(5). Let y(f) = -3*f + 1. Let c(n) = -n. Let u(g) = -5*c(g) + 2*y(g). What is the units digit of u(m)?
6
Suppose -4*v = -3*m + 3935, 0*v + 3*v + 6551 = 5*m. What is the hundreds digit of m?
3
Let i(p) = -p**2 + 9*p - 9. Let t be i(6). Suppose t + 4 = c. What is the units digit of c?
3
Let z(b) = 6*b**2 + 2*b + 6. Let m(g) = -g. Let c be m(3). What is the units digit of z(c)?
4
Let n(k) = 5*k**3 + 41*k**2 + 16*k + 70. Let z(g) = g**3 + 8*g**2 + 3*g + 14. Let b(c) = -2*n(c) + 11*z(c). What is the units digit of b(-6)?
8
Let d = 34 - -73. Suppose -2*q = 3*b + 2*b - 102, -4*b - d = -3*q. What is the units digit of q?
1
Suppose 206 = 5*u + 56. Suppose 0 = 3*y - 0*y - u. Suppose -12*j + y*j = -2. What is the units digit of j?
1
What is the units digit of ((-408986)/1569)/((0 - -1)/(-3))?
2
Let m(y) = -16*y - 4. Let b be m(-10). Suppose 3*d = -3*v + 4*v - 54, -3*v + 3*d + b = 0. What is the tens digit of v?
5
Suppose u - 570 = 3*v, 0 = 5*u + 5*v - 7*v - 2850. What is the units digit of u?
0
Let f = -3054 - -4676. What is the hundreds digit of f?
6
Let q be (236/(-8) - -2)*6. Let w = q - -241. What is the units digit of w?
6
Let i = 31 + 10. Suppose 5*w - 44 = i. What is the units digit of w?
7
Suppose 5*q = 4*u + 20, -q = -3*u - 18 + 3. Let p = 56 - 36. What is the units digit of (-1 + 2)*(p + q)?
0
Let k(g) = g**2 - 9*g + 7. Let m be k(7). Let j(w) = -2*w**2 - 4*w + 1. Let i be j(-3). Let b = i - m. What is the units digit of b?
2
Suppose 0 = 27*o - 26*o - 1478. What is the units digit of o?
8
Suppose 0 = 3*u - 4*w - 51, 4*u + 45 = 6*u + w. What is the tens digit of (-2)/6*(-75 - u)?
3
Let m = 416 - -667. What is the thousands digit of m?
1
Let d = 101 - 96. Let p(s) = -s**2 - 15*s - 4. Let r be p(-6). Suppose 5*l - r = d. What is the tens digit of l?
1
Suppose 313 = -2*p + 1183. Let c = p + -221. What is the tens digit of c?
1
Suppose 2*s = 6*s + 2*p - 166, -49 = -s + p. Suppose 58 = -4*o - 5*r, 2*r = 4*o - 0*r + s. What is the units digit of -3*(3 - (-196)/o)?
0
Suppose 4*m - 776 = -5*x, 2*x + x + 3*m = 465. Let s = 242 - x. What is the units digit of s?
6
Let y(t) = -31*t - 12. Let o be y(-4). Suppose 0 = -3*c + 44 + o. What is the units digit of c?
2
Let l(h) = 18*h + 1. Let b(u) = 2*u**2 + 7*u + 2. Let i be b(-6). Let m = i - 31. What is the units digit of l(m)?
9
Let k(z) be the third derivative of z**4/12 - 7*z**3/3 + 5*z**2. Let b be k(-6). What is the tens digit of 2/2 + (0 - b)?
2
Let y = 62 - 27. Let v = -65 + 62. Let q = y + v. What is the tens digit of q?
3
Suppose -253 = -4*u + 607. Let d = u + -23. What is the tens digit of d?
9
Let f = 4025 + -1951. What is the units digit of f?
4
Let m(g) = 2*g + 12. Let b be m(-5). What is the units digit of ((-319)/(-22))/(b/36)?
1
Let p(q) = -q + 10. Let d be p(4). Suppose -h + d*h = 15. Suppose h*v + z + 70 - 196 = 0, -168 = -4*v + 5*z. What is the units digit of v?
2
Let p(b) be the third derivative of -b**5/60 - b**4/24 + b**3 - 4*b**2. Let h be p(0). Suppose -7*x + 26 = -h*x. What is the tens digit of x?
2
Suppose 94152 = 20*q + 1052. What is the hundreds digit of q?
6
Let j = 633 - 376. What is the tens digit of j?
5
Suppose 4*b - 6 = 2. Suppose -22 = -4*m - 2*l + 16, -b*m + 4*l + 4 = 0. What is the units digit of m?
8
Suppose -n + o = -0 + 3, 5*o = 3*n + 19. Suppose -4*c + 392 + 329 = -i, i + 361 = n*c. What is the units digit of c?
0
Let k = 11 + -8. Suppose 3*n + 0*l + 12 = l, -4*l = -3*n - k. What is the units digit of ((-10)/(-4))/n*-18?
9
Let o(h) = 2*h**2 - 16*h + 10. Let q be o(10). Suppose -q = -3*i + 43. What is the tens digit of i?
3
Let w be 3 + 1*8/4. Let p = -4 - 0. Let m = w - p. What is the units digit of m?
9
Let t(n) = -40*n + 24. Let j(f) = 13*f - 8. Let b(d) = 11*j(d) + 4*t(d). What is the tens digit of b(-7)?
2
Let v = -13 - 11. What is the tens digit of (25158/v)/(-7) - (-2)/8?
5
Let q(c) = -c**3 + 6*c**2 - 7*c - 1. Let h be q(3). Suppose -8*a = -h*a - 570. What is the hundreds digit of a?
1
Suppose 0 = 19*q - 22*q + 210. Suppose -190 = -5*b - 5*d, 0 = 2*b - d + 5*d - q. What is the units digit of b?
1
Suppose 5*i - 2431 = 3*c, -4*i + 5*c = -2019 + 69. What is the tens digit of i?
8
Let w = -139 + 225. Suppose -31 = -3*j + w. What is the tens digit of j?
3
Let l(q) = 4*q - 24. Let m be l(8). Let r(s) = -s**2 + 2 - 3*s**2 + 3*s**2 + 9*s. What is the tens digit of r(m)?
1
Let y(t) = 2*t**3 - 14*t**2 + 2*t + 8. Let x(m) = -2*m**3 + 15*m**2 - 3*m - 9. Let c(z) = 5*x(z) + 4*y(z). What is the tens digit of c(8)?
2
Suppose 142*t - 21675 = 117*t. What is the units digit of t?
7
Let u = 36 - 17. Let s(m) = 3*m + 32. Let n be s(-10). Suppose n*g = 3*g - u. What is the units digit of g?
9
Let l(n) = n**3 - 7*n**2 - 4*n + 2. Let a be l(6). Let g = 81 - a. What is the hundreds digit of g?
1
Suppose 4*q - 1476 = -g - 3*g, 20 = 5*g. What is the hundreds digit of q?
3
Suppose -479 - 951 = -2*l. What is the hundreds digit of l?
7
Let c(i) be the third derivative of -5*i**4/24 - i**3/6 - 2*i**2. Let p be c(4). What is the tens digit of ((-90)/p)/(5/35)?
3
What is the hundreds digit of ((-4)/18 - 4508/(-36)) + 0?
1
Suppose 4*c + 4*k = 1168, -5*c + 1159 = -c + k. What is the hundreds digit of c?
2
Let v = 63 - 63. Suppose -9*l + 5*l - 2*m + 554 = v, -m = 3. What is the tens digit of l?
4
Let u(q) = q**3 - 31*q**2 - 64*q + 68. What is the tens digit of u(33)?
3
Let v(o) be the first derivative of 7*o**2/2 